 and 8?
1
Suppose -2*g + 1608 = 690. What is the highest common divisor of 17 and g?
17
Let s(r) = 4*r**2 + 16*r - 8. Let q be s(-7). Calculate the greatest common divisor of 228 and q.
76
Let c be 31031/39 + (-4)/6*1. Calculate the highest common factor of c and 15.
15
Suppose 2*i + i - 14 = -2*y, -5*y - i = -22. Let w = -3 + 4. Suppose w = 2*x - 1. Calculate the greatest common divisor of y and x.
1
Let g be (1/2)/(-1 + (-133)/(-140)). Let l(o) = -8*o - 42. Let a be l(g). Calculate the highest common factor of 152 and a.
38
Let l be (-169563)/(-319) - 18/33. What is the highest common divisor of 118 and l?
59
Let w be ((-48)/20)/(-4) - 354/(-10). Calculate the highest common factor of 8 and w.
4
Suppose 5*w + u - 71 - 59 = 0, -5*u - 133 = -4*w. Let l = w - 12. What is the greatest common factor of l and 165?
15
Let i(l) = l**2 - 16*l - 118. Let g be i(-23). What is the highest common divisor of g and 41?
41
Let a(u) = 11*u + 1. Let k be a(3). Let d = -26 - -30. Suppose -j - l = -d*j + 47, 0 = 2*j + 5*l - 54. Calculate the highest common factor of j and k.
17
Suppose 4*d - 103 = -2*g + 37, -g = -3*d + 110. Calculate the highest common divisor of d and 126.
18
Suppose 0 = 4*g - 5*j - 42, 4*j - 80 = 2*g - 104. Calculate the greatest common divisor of g and 52.
4
Let w be ((-5)/15)/((-1)/(-9)). Let x be w/(-6)*-10*-1. Let s(r) = -r**2 + 6*r - 4. Let d be s(x). Calculate the greatest common factor of d and 1.
1
Let k = -34 - -33. Let r(d) = 5*d + 7. Let i be r(k). Calculate the greatest common divisor of i and 2.
2
Let t be (70/6)/((-6)/18). Let r = t - -38. Let u = 7 + 8. Calculate the greatest common factor of r and u.
3
Suppose 0 = -2*c - 4*m, 9*c - 3*m - 5 = 8*c. Calculate the greatest common divisor of 86 and c.
2
Let u = 98 - 2. Let z be 28/7 - -10*6. Calculate the highest common factor of u and z.
32
Let g(r) = 2*r**3 - 76*r**2 - 27*r + 289. Let n be g(39). Calculate the greatest common divisor of n and 34.
34
Let l(b) = -b**2 + 13. Let a be l(0). Let s = a + -11. Suppose c + s*w - 4*w = 16, 0 = -c - 2*w + 32. What is the greatest common divisor of 8 and c?
8
Let l(b) = 52*b**3 + 4*b**2 - 15*b + 24. Let n be l(2). What is the greatest common factor of n and 18?
6
Let o be (77/(-4))/((-89)/8 + 11). What is the greatest common divisor of o and 112?
14
Let a(u) = -u**2 + 4*u + 4. Let x be a(4). Let z be 25 + -1 + 9/3. Suppose z = x*i - i. Calculate the highest common divisor of 18 and i.
9
Let g(h) = 24*h**2 - 3*h - 1. Let s(k) = -2*k**2 + 19*k + 7. Let u be s(10). Let v be g(u). Let c = -26 - -58. What is the greatest common factor of c and v?
32
Suppose 0 = 870*v - 864*v - 390. Calculate the greatest common factor of 26 and v.
13
Let m be (-1)/((-4)/84) + 0. Suppose 34*d = 33*d + 63. What is the greatest common factor of d and m?
21
Suppose 2*t + 2*t - 16 = -3*d, -25 = -3*t + d. Suppose t = -p + 10. Suppose p*c = -2*c + 10. Calculate the highest common factor of 2 and c.
2
Let r(k) = 2*k + 9. Let q be r(6). Suppose -q = -2*b - 2*s + 23, -2*s + 104 = 5*b. What is the highest common divisor of b and 10?
10
Suppose 0 = -4*c - 2*m + 570, -m - 135 = 3*c - 564. Calculate the highest common factor of 48 and c.
48
Suppose 38*o - 453 = -111. What is the highest common divisor of o and 846?
9
Let d = 996 - 329. Calculate the greatest common divisor of d and 29.
29
Suppose 6*s = -42 + 120. Suppose -s*t - 3 = -14*t. What is the highest common divisor of 6 and t?
3
Let b(g) = g**2 - 4*g + 1. Let x be b(6). Suppose 0 = 29*w - 27*w - 4*h + 6, -3*h + 5 = -w. Calculate the highest common divisor of x and w.
1
Let x = -2 - -3. Let i be 10/(2 + 0) - x. Let y(n) = 33*n + 200. Let o be y(-6). Calculate the highest common factor of i and o.
2
Let i = -1558 - -1567. Calculate the greatest common factor of 1503 and i.
9
Suppose l = 5*g - 16 + 93, -385 = -5*l + g. Let h(x) = -x + 7. Let c be h(0). Calculate the greatest common divisor of l and c.
7
Let k(m) = m**2 - 17*m + 7. Let d be k(16). Let b be (-128)/d + (-6)/27. Calculate the highest common factor of 98 and b.
14
Let c be (-12)/(-30) - 322/5. Let u be c/(-48)*1*18. Let v = -3 + 15. Calculate the highest common factor of v and u.
12
Suppose -f = -5*a - 549, -3*f - 29*a + 34*a + 1647 = 0. What is the greatest common factor of 61 and f?
61
Let z(x) = -x**3 - x**2 - 4*x - 7. Let p be z(-2). Suppose 4*w - p*c + 0 - 85 = 0, 4*w + 5*c - 35 = 0. Calculate the highest common divisor of 105 and w.
15
Let a be (-1 - -3)/(14/133). Suppose 0 = -29*t + a*t + 120. Let v be (-36)/((3/4)/(-1)). What is the highest common factor of t and v?
12
Let i = 509 - 503. What is the highest common factor of 183 and i?
3
Let b(p) = p**3 + 16. Let l be 0/(-4 - 2/(-1)). Let u be b(l). Let d be (-64)/20*(-50)/4. Calculate the greatest common factor of u and d.
8
Suppose -11*v + 14*v - 9 = 0. Let h be (-4 + v)/((-2)/8) + -3. Calculate the highest common divisor of 3 and h.
1
Suppose 228 = 12*v - 912. Let c(r) = -9*r + 1. Let z be c(-2). What is the greatest common divisor of v and z?
19
Suppose x = -2*r + 39, -r - 2*x = 2*x - 30. Calculate the highest common divisor of 27 and r.
9
Let i(x) = -x**2 + 12*x - 5. Let d be i(11). Calculate the highest common divisor of 78 and d.
6
Let l(t) be the third derivative of -t**6/30 + t**5/10 + t**4/12 - t**3/6 + 8*t**2. Let k be l(-2). Calculate the greatest common factor of 17 and k.
17
Let j be 0/(8/2 - 3). Suppose 3*i - 81 = 3*f, j*f = -3*i + 5*f + 71. Let c = i + -20. Calculate the highest common factor of c and 48.
12
Let l(w) = 2*w + 2. Suppose 0 = -5*t, -2*a - 42 = -5*a + 2*t. Let v be l(a). Calculate the greatest common factor of 210 and v.
30
Let t(m) = -10*m - 2. Let s be t(-7). Let j = 816 - 799. Calculate the highest common factor of j and s.
17
Suppose r - 229 = -5*z, -9 + 1 = -4*z. Let k = -98 + r. Let d be 3 - ((7 - 7) + -8). What is the greatest common factor of k and d?
11
Suppose -i = 5*k - 158, -206 = -2*i + 3*k + 58. Calculate the greatest common factor of i and 6.
6
Suppose 612*v = 617*v - 25. Suppose 1151 - 241 = 2*w. Suppose w = 4*l - 5*z, 2*z = 3*l + v*z - 321. What is the highest common divisor of l and 10?
10
Let j(c) = c**3 + 13*c**2 + 13*c. Let q be j(-10). Let z = q - -83. Let p = -24 + 47. What is the greatest common factor of z and p?
23
Suppose 5*l + 689 - 124 = 0. Let m = l + 49. Let v = m + 98. What is the highest common divisor of v and 102?
34
Let k = 6 + -3. Suppose 129 = k*t + 21. Calculate the highest common factor of t and 9.
9
Suppose 8*m = 37 + 35. What is the greatest common factor of 72 and m?
9
Let w be (-55)/(1/8*-2). Let d(q) = 23*q**2 + 197*q - 200. Let v be d(1). What is the greatest common divisor of v and w?
20
Let i(q) = 3*q. Let x(b) = -b - 3. Let z be x(-4). Let t be i(z). Suppose t*o - 12 = 258. Calculate the highest common factor of o and 18.
18
Suppose 3*g = q + 93, 4*g + 38 - 162 = -3*q. Let f(a) = 9*a - 45. Let r be f(g). What is the greatest common divisor of 26 and r?
26
Let p(a) = -5*a**2 - 38*a + 2. Let v(s) = -2*s**2 - 13*s + 1. Let y(o) = -3*p(o) + 8*v(o). Let q be y(8). What is the highest common divisor of 9 and q?
9
Let a = 241 + -239. Calculate the highest common factor of 118 and a.
2
Let w be (-4)/10 + (-842)/(-5). Let g(m) = 4*m**3 - 6 - 4*m**2 + 10*m**2 - 5*m**3. Let u be g(3). What is the greatest common divisor of w and u?
21
Let a = 31 + -32. Let z be a + (3 - 15*-5). Suppose -6*f + 199 = -f + u, -2*f = 3*u - z. Calculate the highest common divisor of 16 and f.
8
Suppose 0*n - 4*n = -12. Suppose -n*d = d - 44. Let j be -44*10/12*6/(-5). What is the greatest common divisor of j and d?
11
Suppose 2*d = -4*m + 24, 7 = -2*d + 5*m - 14. Let f = -19 - -20. Calculate the highest common divisor of d and f.
1
Let j(v) = 2*v**2 - 3*v + 1. Let i be j(3). Let u be 114/4*i/(-105)*-7. Calculate the highest common divisor of u and 152.
19
Suppose -4*a = 4*i + 76, 2*a + 5*i + 55 = -a. Let v be (a - 8)*1/(-2). What is the greatest common factor of v and 35?
7
Suppose 42*n - 19552 + 1408 = 0. What is the highest common factor of 192 and n?
48
Let z be 40/15 - (21/(-9) + 3). Suppose f - z*w = 9, -9*f + 5*f + 4*w = -40. Calculate the greatest common divisor of f and 154.
11
Let z be 5 + 0 + -1 + 234. Suppose 17*i - 19*i = 4*f - 28, -4*i + 5